ousands digit of 9184244?
1
What is the tens digit of 71921?
2
What is the hundred thousands digit of 453569?
4
What is the hundreds digit of 21457?
4
What is the hundred thousands digit of 147043?
1
What is the units digit of 759107?
7
What is the tens digit of 338932?
3
What is the hundred thousands digit of 199226?
1
What is the hundreds digit of 1200023?
0
What is the units digit of 2579054?
4
What is the units digit of 27486?
6
What is the thousands digit of 15686666?
6
What is the hundred thousands digit of 103172?
1
What is the tens digit of 2005449?
4
What is the ten thousands digit of 120637?
2
What is the hundred thousands digit of 9279999?
2
What is the ten thousands digit of 7924457?
2
What is the hundred thousands digit of 13879831?
8
What is the units digit of 489742?
2
What is the thousands digit of 412934?
2
What is the hundred thousands digit of 731515?
7
What is the millions digit of 10550042?
0
What is the hundreds digit of 167686?
6
What is the hundreds digit of 1517527?
5
What is the ten thousands digit of 2550630?
5
What is the tens digit of 516269?
6
What is the millions digit of 1736609?
1
What is the units digit of 80731?
1
What is the hundred thousands digit of 3013971?
0
What is the hundreds digit of 906480?
4
What is the thousands digit of 111518?
1
What is the ten thousands digit of 325791?
2
What is the units digit of 38341?
1
What is the ten thousands digit of 135604?
3
What is the units digit of 369458?
8
What is the hundred thousands digit of 1050538?
0
What is the thousands digit of 66877?
6
What is the ten thousands digit of 1184132?
8
What is the hundred thousands digit of 21261173?
2
What is the hundreds digit of 821051?
0
What is the hundreds digit of 2732795?
7
What is the millions digit of 8923232?
8
What is the hundreds digit of 74313?
3
What is the thousands digit of 1418795?
8
What is the units digit of 1665054?
4
What is the hundreds digit of 17806744?
7
What is the ten thousands digit of 711895?
1
What is the ten thousands digit of 1134603?
3
What is the ten thousands digit of 125974?
2
What is the ten thousands digit of 157528?
5
What is the ten millions digit of 11244037?
1
What is the thousands digit of 9900268?
0
What is the ten thousands digit of 4744327?
4
What is the hundreds digit of 3825406?
4
What is the thousands digit of 1464388?
4
What is the thousands digit of 568819?
8
What is the hundreds digit of 2366278?
2
What is the millions digit of 1949268?
1
What is the ten thousands digit of 726648?
2
What is the thousands digit of 1241155?
1
What is the thousands digit of 134885?
4
What is the hundred thousands digit of 313254?
3
What is the thousands digit of 361646?
1
What is the tens digit of 154357?
5
What is the units digit of 31807?
7
What is the thousands digit of 1128861?
8
What is the hundreds digit of 603758?
7
What is the hundreds digit of 14721504?
5
What is the ten thousands digit of 17635962?
3
What is the thousands digit of 1661283?
1
What is the hundred thousands digit of 7862491?
8
What is the hundreds digit of 7847552?
5
What is the units digit of 1461680?
0
What is the units digit of 1367804?
4
What is the thousands digit of 571645?
1
What is the tens digit of 496106?
0
What is the hundreds digit of 954452?
4
What is the hundreds digit of 1580752?
7
What is the hundreds digit of 583132?
1
What is the units digit of 1540588?
8
What is the hundred thousands digit of 3108409?
1
What is the tens digit of 520194?
9
What is the thousands digit of 1079533?
9
What is the tens digit of 157784?
8
What is the units digit of 887078?
8
What is the thousands digit of 9963937?
3
What is the hundreds digit of 480854?
8
What is the thousands digit of 208452?
8
What is the tens digit of 1979384?
8
What is the millions digit of 10583966?
0
What is the units digit of 21627556?
6
What is the thousands digit of 192554?
2
What is the hundreds digit of 6061871?
8
What is the hundred thousands digit of 2513025?
5
What is the thousands digit of 37266?
7
What is the hundreds digit of 98137?
1
What is the tens digit of 6377333?
3
What is the thousands digit of 194566?
4
What is the hundreds digit of 14795586?
5
What is the tens digit of 10739?
3
What is the hundred thousands digit of 500743?
5
What is the ten thousands digit of 1157547?
5
What is the hundreds digit of 2053947?
9
What is the thousands digit of 96198?
6
What is the thousands digit of 38077?
8
What is the tens digit of 34697887?
8
What is the thousands digit of 2003663?
3
What is the thousands digit of 2113002?
3
What is the ten millions digit of 19312684?
1
What is the units digit of 479701?
1
What is the hundred thousands digit of 4621932?
6
What is the units digit of 569580?
0
What is the hundreds digit of 193902?
9
What is the units digit of 1640312?
2
What is the millions digit of 5397256?
5
What is the thousands digit of 1468945?
8
What is the units digit of 8201521?
1
What is the hundreds digit of 249411?
4
What is the ten thousands digit of 870405?
7
What is the hundreds digit of 853?
8
What is the thousands digit of 4688808?
8
What is the tens digit of 24689626?
2
What is the tens digit of 1202405?
0
What is the millions digit of 27894324?
7
What is the ten thousands digit of 1723716?
2
What is the units digit of 34803481?
1
What is the thousands digit of 23529995?
9
What is the hundreds digit of 1046425?
4
What is the thousands digit of 850225?
0
What is the hundred thousands digit of 1175520?
1
What is the hundred thousands digit of 2811972?
8
What is the thousands digit of 347330?
7
What is the ten thousands digit of 710539?
1
What is the ten thousands digit of 3363933?
6
What is the units digit of 271147?
7
What is the hundreds digit of 19519?
5
What is the tens digit of 1953326?
2
What is the units digit of 448485?
5
What is the hundred thousands digit of 1257891?
2
What is the ten thousands digit of 11058309?
5
What is the hundred thousands digit of 7143877?
1
What is the units digit of 3003878?
8
What is the hundred thousands digit of 1118189?
1
What is the tens digit of 2652081?
8
What is the thousands digit of 518066?
8
What is the hundred thousands digit of 2799763?
7
What is the millions digit of 5400173?
5
What is the hundred thousands digit of 5943703?
9
What is the hundreds digit of 9271?
2
What is the tens digit of 35489601?
0
What is the thousands digit of 3273823?
3
What is the hundreds digit of 1092232?
2
What is the hundred thousands digit of 10586202?
5
What is the hundred thousands digit of 3401917?
4
What is the tens digit of 220934?
3
What is the thousands digit of 1685919?
5
What is the millions digit of 23019620?
3
What is the millions digit of 4493084?
4
What is the hundreds digit of 2471108?
1
What is the hundred thousands digit of 164440?
1
What is the units digit of 42560?
0
What is the tens digit of 29119?
1
What is the ten thousands digit of 144257?
4
What is the ten thousands digit of 1389435?
8
What is the millions digit of 1609366?
1
What is the units digit of 1160987?
7
What is the units digit of 524664?
4
What is the hundreds digit of 377907?
9
What is the tens digit of 61088?
8
What is the tens digit of 239350?
5
What is the units digit of 3323457?
7
What is the hundred thousands digit of 614729?
6
What is the thousands digit of 2666377?
6
What is the hundreds digit of 1573800?
8
What is the hundred thousands digit of 789379?
7
What is the thousands digit of 151433?
1
What is the tens digit of 472785?
8
What is the ten thousands digit of 241799?
4
What is the hundreds digit of 9844356?
3
What is the ten thousands digit of 16067307?
6
What is the units digit of 762086?
6
What is the thousands digit of 3625894?
5
What is the hundred thousands digit of 747200?
7
What is the ten thousands digit of 4509044?
0
What is the ten thousands digit of 207755?
0
What is the hundreds digit of 425079?
0
What is the ten thousands digit of 624160?
2
What is the tens digit of 3512274?
7
What is the hundreds digit of 479473?
4
What is the tens digit of 7551241?
4
What is the tens digit of 451423?
2
What is the tens digit of 2750727?
2
What is the thousands digit of 568558?
8
What is the thousands digit of 232603?
2
What is the hundred thousands digit of 4205980?
2
What is the units digit of 2138177?
7
What